-8. Let f(u) = 0*u**o + 0 + u**3 - 5*u**2 - 1. What is f(q)?
-17
Let m(l) be the first derivative of -5*l**2 - 164*l - 1301. Calculate m(-17).
6
Let q be 41 - ((-20)/(-5))/(-1). Suppose 2*z = -2*h - 55 + q, -8 = 4*h. Let t(n) = -2*n**2 - n + 1. Calculate t(z).
-14
Let p = 195 + -219. Let o(m) = m**2 + 27*m + 72. Let f be o(p). Let k(u) = -u**2 - 2. Determine k(f).
-2
Suppose 11*w = 34*w - 23. Let r be (14 - 5 - 12)/w. Let z(v) = v**2 + 5*v + 6. Determine z(r).
0
Let i(a) = 17*a - 3. Let w(u) = 8*u - 1. Let z(n) = 3*i(n) - 7*w(n). Let c be 6/9*(-39)/1. Let o = c - -24. What is z(o)?
8
Let f(l) = 2*l**2 - 3*l - 2. Let j = 128 - 134. Let v be ((-2)/j - (-2)/(-6)) + -2. Calculate f(v).
12
Let j(y) = -y**3 - 17*y**2 - 16*y + 26. Let m(u) = -183*u - 3127. Let t be m(-17). What is j(t)?
26
Suppose 8036*n - 8044*n - 272 = 0. Let t(i) = i**2 + 30*i - 133. Give t(n).
3
Let y(s) = -s**2 - 4*s + 4. Suppose 0 = -5*q + 5, -n + 4*q = -236. Let j = n - 245. Calculate y(j).
-1
Suppose 0 = -w - 3*w - 28. Let u(h) = -3*h - 3. Let v(j) = j + 1. Suppose q = 5*x - 26, -5*q + q + 16 = 4*x. Let c(i) = q*u(i) - 4*v(i). Calculate c(w).
6
Let u(a) = -10*a**2 - 27*a - 9. Let x(g) = -3*g - 1. Let l = -499 + 481. Let d(n) = l*x(n) + 2*u(n). Determine d(-1).
-20
Let q(v) = 5*v + 3 - 11 - 2*v. Let m be -1 - -6 - (41 - 4). Let a be (-9)/(-2)*m/(-24). Determine q(a).
10
Let u(d) = -2*d**2 + 30*d - 24. Let w be (42/18)/(3/18). What is u(w)?
4
Let n(i) = 0*i - 10 + 14 + i. Let d(y) = -y**3 - 10*y**2 - 12*y + 37. Let s be d(-8). Suppose -60 = 5*m + 4*q, -s*q + 12 - 37 = 0. Give n(m).
-4
Suppose -4*m + 21 = 33. Let y(z) = -z**3 - 4*z**2 - 8*z - 7. Let x be y(m). Let t(l) = 5*l**2 + 8*l**2 - 9 - 12*l**2 - 7*l. Calculate t(x).
-1
Let j(k) be the first derivative of 8*k - 1/2*k**2 + 19. Determine j(0).
8
Let g(p) = -7*p**3 - 12*p**2 + 2*p + 3. Let t(i) = -20*i**3 - 36*i**2 + 4*i + 9. Suppose 4*u + 119 = -3*u. Let f(m) = u*g(m) + 6*t(m). Calculate f(-11).
-8
Let c(w) be the third derivative of 3/8*w**4 + 63*w**2 + 2/15*w**5 + 0*w - 1/120*w**6 + 2/3*w**3 + 0. Give c(9).
4
Let d(r) = -161 + 273 + 17*r - 103 - 3*r**2. Give d(6).
3
Let i(a) be the second derivative of -a**3/3 + 7*a**2/2 + a - 9. Let y(r) = 2*r - 8. Let w(z) = 3*i(z) + 2*y(z). Determine w(7).
-9
Let l be ((-975)/(-40))/39 - (-1)/((-16)/(-6)). Let u(t) = -51*t - 2. What is u(l)?
-53
Let f(j) = 2*j**2 + 2*j**2 - j**2 - 5*j**2. Let y be (-1 - -2 - 3) + (8 - 3). Suppose -y*t - 15 = -8*t. Give f(t).
-18
Let i(v) = v**2 - 6*v + 2. Suppose -975 = 2*z - 7*z - 5*s, 4*z - 784 = -2*s. Let y = 203 - z. Calculate i(y).
2
Let c(m) = 7*m + 6. Let u(j) = -j - 1. Suppose -133*n - 15 = -136*n. Let g(w) = n*u(w) + c(w). Calculate g(7).
15
Let x(n) = -41*n**3 + 2*n + 78 - 24 - 37*n**3 - 40*n**3 + 117*n**3. Give x(0).
54
Let j(s) = -s - 7. Suppose 5*z - 10 = -0*z. Let c be ((-19)/z)/((-6)/(-12)). Let f(a) = -a**2 - 21*a - 44. Let l be f(c). Determine j(l).
-1
Let n(d) = 14*d**2 + 7*d**2 + d**3 + 117 - 261*d + 270*d - 2*d**3 - 6*d**2. Determine n(16).
5
Let b(r) = r - 19. Let m be b(23). Suppose -32 + 7 = -3*p - 5*d, 20 = 4*p + m*d. Suppose p = -13*h - 22 + 100. Let n(l) = -l**2 + 6*l + 8. Calculate n(h).
8
Let a(y) = -y**3 + 6*y**2 - 2*y - 4. Suppose 6*d - 2*d = 64. Let j be 6/d + (8 - 1029/56). Let o be (225/j)/3*(-8)/10. Calculate a(o).
-16
Let x be ((-8)/(-28))/(5/105). Suppose 0 = -4*h - x*h + 50. Suppose c - 4*c = h*b, 3*c - b = 18. Let s(o) = -2*o + 6. Calculate s(c).
-4
Let f(z) be the second derivative of 7*z**5/20 - z**4/6 - z**3/3 - z**2/2 + 22*z. Let v = 13 - 10. Suppose -2*u - v = u. Determine f(u).
-8
Let c(r) = r**3 + 10*r**2 - r + 4. Suppose 6*q - 502 - 1064 = 0. Let j = q + -271. Give c(j).
14
Suppose -4 = -i - 4*n, 5*i = -3*n + 44 + 10. Let m(y) = y**3 + 9*y - 8*y**2 - 4 - i*y + 2 + 9*y. Give m(7).
-9
Let s = 288 + -488. Let g = -193 - s. Let b(w) = -w**3 + 7*w**2 - 10. Calculate b(g).
-10
Let m(b) = -b**3 - 21*b**2 + 47*b + 25. Let v be m(-23). Let r(t) = -t + 9*t**v - 3*t**2 - 3*t**2 + 0*t**2 - 1. Determine r(-1).
3
Let g = -10 + 4. Let w(a) = -5*a**2 - 9*a + 7. Let r(s) = 11*s**2 + 20*s - 14. Let m(o) = 6*r(o) + 13*w(o). Give m(g).
25
Suppose 140*w + 1100 = 30*w. Let r(x) = 2*x + 3. Calculate r(w).
-17
Let g(h) = 3*h - 3. Suppose 0 = 8*f - 6*f - 6. Suppose -7*i + 72 = -f*i. Let d be (-8*(-3)/i)/((-1)/(-3)). Determine g(d).
9
Let x(u) = -6*u**2 + u + 705. Let i(h) = -5*h**2 + h + 563. Let k(l) = -5*i(l) + 4*x(l). Determine k(5).
25
Let m(v) = -v**2 - 3. Let b be m(0). Let z(w) = w - 3. Let d(o) = -11. Let h(t) = -27. Let j(x) = 5*d(x) - 2*h(x). Let n(a) = -15*j(a) + 5*z(a). Determine n(b).
-15
Let i(p) = 10*p + 22. Let z be i(11). Let f = -137 + z. Let y(o) = -o**2 - 6*o + 6. Give y(f).
11
Suppose -4*u - 3 = -u. Let z(v) be the third derivative of -3*v**5/40 + 7*v**3/6 + 4*v**2. Let n(m) be the first derivative of z(m). Give n(u).
9
Let f(v) = 3*v - 15*v - 10 + 8*v + v. Let y be f(-4). Let m be y/(-12) + (-25)/30. Let x(b) = 6*b - 1. Calculate x(m).
-7
Let l(z) = -4*z + 3 + 5*z - z - 3*z - 9. Determine l(10).
-36
Let v(w) be the second derivative of -18 + 5/2*w**2 + 2*w + 1/6*w**3. Let k be (-2 - -2)/(1*-2). What is v(k)?
5
Suppose -4*t + 2*f + 98 = 0, -f = -5*t - 0*f + 130. Suppose 0 = 42*k - 15*k - 16*k. Suppose -8*r - r - t = k. Let s(a) = -5*a. Give s(r).
15
Let w(k) be the first derivative of -11*k - 47 - 1/3*k**3 + 11/2*k**2. Calculate w(9).
7
Suppose 37 - 3 = 4*z + 3*v, -v = -z + 5. Let p(a) = a**2 - z - 17 + 33 - 11 + 9*a. Let t be 16*(-3 - 5/(-2)). Give p(t).
-10
Let z be 28/3 + 4/6. Let w(g) = -g**3 + 2*g**3 - 1051*g**2 - 8 + 531*g**2 + 510*g**2 + g - 4. What is w(z)?
-2
Suppose -m - 4*m - 2*z = 10, -4*m - 25 = 5*z. Suppose m*j - 5*j + 15 = -2*w, -j + 20 = 3*w. Let x(u) = 7*u - 4*u**2 + j*u**2 - 2*u**2 - u. Determine x(6).
0
Let v(u) = -u**2 + u - 6. Let p be v(0). Let h = -857 - -856. Let c(b) = 4*b**2 - 10*b - 3. Let j(k) = -k**2 + 5*k. Let w(i) = h*c(i) - 3*j(i). Calculate w(p).
-3
Let p(i) = 3*i**2 - 16*i + 3. Let o(m) = 7*m**2 - 33*m + 7. Let k(r) = -4*o(r) + 9*p(r). Suppose 0 = 9177*s - 9528*s - 4212. What is k(s)?
-1
Let p(h) = -2*h**3 - 2*h**2 + 2. Let f(g) = -g**2 + 8*g + 82. Suppose -j = -5*j + 4, 29 = 2*i + j. Let b be f(i). Give p(b).
10
Let o(v) = 12*v - 4. Let f(c) = -34*c + 10. Let t(d) = 3*f(d) + 8*o(d). Suppose 171*n = 170*n - 2*s - 7, 2*s + 6 = 0. Calculate t(n).
4
Let v = 1075 + -1081. Let p(w) = 2*w - 8. Determine p(v).
-20
Let i(c) = c + 5. Let x be i(-5). Suppose -4*b + w + 21 = x, 4*b - 20 + 9 = -w. Let k(v) = v**2 - 6*v + 4. Determine k(b).
-4
Let q(c) = 6*c**2 + 4. Let z(r) = -r**2 + r - 1. Let s = 48 - 9. Let x = s + -34. Let j(a) = x*z(a) + q(a). Calculate j(-7).
13
Let q be 240/480*3*6/(-27)*30. Let p(a) = -2*a**2 - 21*a. What is p(q)?
10
Let b(f) = -28*f - 7674 - f**2 - 7648 + 15310. Calculate b(-28).
-12
Let c(h) be the third derivative of 1/6*h**3 + 0*h + 1/15*h**5 + 1/24*h**4 - 1/120*h**6 + 2*h**2 - 23. Determine c(4).
5
Let r(w) = w**2 - 12*w - 13. Let t be r(13). Suppose -6*z + 9*z = 3*o, t = -4*o - 20. Let q(u) = 0 - 2*u - 1 + 4*u - 3*u. Calculate q(z).
4
Suppose -49*o = -52*o + 3. Let a(m) = 4*m**2 + 5*m + 1. Let d(v) = v**2 - v + 1. Let y(f) = o*a(f) - 3*d(f). Calculate y(-6).
-14
Let u(s) be the third derivative of -s**7/1008 - s**6/720 + 139*s**5/60 + 73*s**2. Let v(l) be the third derivative of u(l). What is v(-1)?
4
Let k(b) = 3*b + 6. Let p(r) = -10*r - 2. Let s be p(4). Let m = 38 + s. Let z be (16/6)/m*6. Determine k(z).
-6
Let c be (-6)/(-4) + 92/56*7. Let a(u) = -u**3 + 14*u**2 - 16*u - 8. Give a(c).
-47
Let d(p) = -2*p**2 - 3*p + 7. Let y(o) be the third derivative of -o**5/15 - o**4/3 + 19*o**3/6 - 28*o**2 + 2*o. Let l(t) = -8*d(t) + 3*y(t). Calculate l(2).
17
Let f(h) = -h + 1. Let c(m) = -m**2 + 19*m - 78. Let d(u) = u**2 + 23*u + 49. Let n be d(-21). Let b be c(n). Determine f(b).
-5
Let o(n) = -12*n - 2. Let w(y) = y**2 - 7*y + 3. Let h be 7/(-2)*6*10/(-30). Let c be w(h). Give o(c).
-38
Let o(m) = m**3 - 9*m**2 + 13*m - 11. Let n = -11344 + 11352. Give o(n).
29
Let s be (-3 - -2 - -4) + 0. Let h = -51 - -51. Suppose 3*o = v - 7, -3*o - s*v + v - 4 = h. Let y(g) = 2*g + 3. Give y(o).
-1
Let j(r) = -r**3 - 16*r**2 - 25*r + 2. Let t(m) = 2*m**2 - 105*m + 1012. 